{"id":1161,"date":"2026-03-24T12:34:35","date_gmt":"2026-03-24T12:34:35","guid":{"rendered":"https:\/\/interierisch.hr\/?page_id=1161"},"modified":"2026-03-24T15:00:00","modified_gmt":"2026-03-24T15:00:00","slug":"besplatna-ponuda","status":"publish","type":"page","link":"https:\/\/interierisch.hr\/index.php\/besplatna-ponuda\/","title":{"rendered":"Besplatna ponuda"},"content":{"rendered":"\t\t<div data-elementor-type=\"wp-page\" data-elementor-id=\"1161\" class=\"elementor elementor-1161\">\n\t\t\t\t<div class=\"elementor-element elementor-element-faaee23 e-flex e-con-boxed e-con e-parent\" data-id=\"faaee23\" data-element_type=\"container\" data-e-type=\"container\">\n\t\t\t\t\t<div class=\"e-con-inner\">\n\t\t\t\t<div class=\"elementor-element elementor-element-0201ca4 elementor-widget elementor-widget-text-editor\" data-id=\"0201ca4\" data-element_type=\"widget\" data-e-type=\"widget\" data-widget_type=\"text-editor.default\">\n\t\t\t\t<div class=\"elementor-widget-container\">\n\t\t\t\t\t\t\t\t\t<p>Planirate projekt ure\u0111enja? Trebate dizajnera interijera, 3D vizualizacije ili 360 virtualne prikaze prostora?<\/p><p><span style=\"text-decoration: underline;\"><strong>Rezervirajte termin uz -15% (vrijedi do 30.04.)<\/strong><\/span><\/p><p>Javite nam se bez obaveze za besplatnu ponudu u roku od 24 sata.<\/p>\t\t\t\t\t\t\t\t<\/div>\n\t\t\t\t<\/div>\n\t\t\t\t<div class=\"elementor-element elementor-element-4eda02a elementor-widget elementor-widget-wpforms\" data-id=\"4eda02a\" data-element_type=\"widget\" data-e-type=\"widget\" data-widget_type=\"wpforms.default\">\n\t\t\t\t<div class=\"elementor-widget-container\">\n\t\t\t\t\t<style id=\"wpforms-css-vars-elementor-widget-4eda02a\">\n\t\t\t\t.elementor-widget-wpforms.elementor-element-4eda02a {\n\t\t\t\t--wpforms-field-border-color: #cccccc;\n--wpforms-field-border-color-spare: #cccccc;\n--wpforms-field-text-color: #444444;\n--wpforms-label-color: #262626;\n--wpforms-label-sublabel-color: #7f7f7f;\n--wpforms-label-error-color: #ff0000;\n--wpforms-button-border-style: solid;\n--wpforms-button-background-color: #dddddd;\n--wpforms-button-border-color: #cccccc;\n--wpforms-button-text-color: #666666;\n--wpforms-page-break-color: #dddddd;\n--wpforms-label-size-font-size: 14px;\n--wpforms-label-size-line-height: 17px;\n--wpforms-label-size-sublabel-font-size: 13px;\n--wpforms-label-size-sublabel-line-height: 16px;\n\t\t\t}\n\t\t\t<\/style><div class=\"wpforms-container wpforms-container-full wpforms-render-modern\" id=\"wpforms-1116\"><form id=\"wpforms-form-1116\" class=\"wpforms-validate wpforms-form wpforms-ajax-form\" data-formid=\"1116\" method=\"post\" enctype=\"multipart\/form-data\" action=\"\/index.php\/wp-json\/wp\/v2\/pages\/1161\" data-token=\"bcb9d01e6d575966955c259333d472a7\" data-token-time=\"1776600515\"><noscript class=\"wpforms-error-noscript\">Please enable JavaScript in your browser to complete this form.<\/noscript><div id=\"wpforms-error-noscript\" style=\"display: none;\">Please enable JavaScript in your browser to complete this form.<\/div><div class=\"wpforms-field-container\">\t\t<div id=\"wpforms-1116-field_4-container\"\n\t\t\tclass=\"wpforms-field wpforms-field-text\"\n\t\t\tdata-field-type=\"text\"\n\t\t\tdata-field-id=\"4\"\n\t\t\t>\n\t\t\t<label class=\"wpforms-field-label\" for=\"wpforms-1116-field_4\" >Email prezime i<\/label>\n\t\t\t<input type=\"text\" id=\"wpforms-1116-field_4\" class=\"wpforms-field-medium\" name=\"wpforms[fields][4]\" >\n\t\t<\/div>\n\t\t<div id=\"wpforms-1116-field_1-container\" class=\"wpforms-field wpforms-field-name\" data-field-id=\"1\"><label class=\"wpforms-field-label\" for=\"wpforms-1116-field_1\">Ime i prezime <span class=\"wpforms-required-label\" aria-hidden=\"true\">*<\/span><\/label><input type=\"text\" id=\"wpforms-1116-field_1\" class=\"wpforms-field-medium wpforms-field-required\" name=\"wpforms[fields][1]\" aria-errormessage=\"wpforms-1116-field_1-error\" required><\/div><div id=\"wpforms-1116-field_2-container\" class=\"wpforms-field wpforms-field-email\" data-field-id=\"2\"><label class=\"wpforms-field-label\" for=\"wpforms-1116-field_2\">Email <span class=\"wpforms-required-label\" aria-hidden=\"true\">*<\/span><\/label><input type=\"email\" id=\"wpforms-1116-field_2\" class=\"wpforms-field-medium wpforms-field-required\" name=\"wpforms[fields][2]\" spellcheck=\"false\" aria-errormessage=\"wpforms-1116-field_2-error\" required><\/div><div id=\"wpforms-1116-field_3-container\" class=\"wpforms-field wpforms-field-textarea\" data-field-id=\"3\"><label class=\"wpforms-field-label\" for=\"wpforms-1116-field_3\">Poruka<\/label><textarea id=\"wpforms-1116-field_3\" class=\"wpforms-field-medium\" name=\"wpforms[fields][3]\" aria-errormessage=\"wpforms-1116-field_3-error\" aria-describedby=\"wpforms-1116-field_3-description\" ><\/textarea><div id=\"wpforms-1116-field_3-description\" class=\"wpforms-field-description\">Upi\u0161ite vrtsu usluge koja vas zanima, o kakvom se objektu radi (stan, ku\u0107a, poslovni prostor, novogradnja, postoje\u0107i objekt) te kako Vam mogu pomo\u0107i.<\/div><\/div><script>\n\t\t\t\t( function() {\n\t\t\t\t\tconst style = document.createElement( 'style' );\n\t\t\t\t\tstyle.appendChild( document.createTextNode( '#wpforms-1116-field_4-container { position: absolute !important; overflow: hidden !important; display: inline !important; height: 1px !important; width: 1px !important; z-index: -1000 !important; padding: 0 !important; } #wpforms-1116-field_4-container input { visibility: hidden; } #wpforms-conversational-form-page #wpforms-1116-field_4-container label { counter-increment: none; }' ) );\n\t\t\t\t\tdocument.head.appendChild( style );\n\t\t\t\t\tdocument.currentScript?.remove();\n\t\t\t\t} )();\n\t\t\t<\/script><\/div><!-- .wpforms-field-container --><div class=\"wpforms-submit-container\" ><input type=\"hidden\" name=\"wpforms[id]\" value=\"1116\"><input type=\"hidden\" name=\"page_title\" value=\"\"><input type=\"hidden\" name=\"page_url\" value=\"https:\/\/interierisch.hr\/index.php\/wp-json\/wp\/v2\/pages\/1161\"><input type=\"hidden\" name=\"url_referer\" value=\"\"><button type=\"submit\" name=\"wpforms[submit]\" id=\"wpforms-submit-1116\" class=\"wpforms-submit\" data-alt-text=\"Sending...\" data-submit-text=\"Submit\" aria-live=\"assertive\" value=\"wpforms-submit\">Submit<\/button><img decoding=\"async\" src=\"https:\/\/interierisch.hr\/wp-content\/plugins\/wpforms-lite\/assets\/images\/submit-spin.svg\" class=\"wpforms-submit-spinner\" style=\"display: none;\" width=\"26\" height=\"26\" alt=\"Loading\"><\/div><\/form><\/div>  <!-- .wpforms-container -->\t\t\t\t<\/div>\n\t\t\t\t<\/div>\n\t\t\t\t\t<\/div>\n\t\t\t\t<\/div>\n\t\t\t\t<\/div>\n\t\t","protected":false},"excerpt":{"rendered":"<p>Planirate projekt ure\u0111enja? Trebate dizajnera interijera, 3D vizualizacije ili 360 virtualne prikaze prostora? Rezervirajte termin uz -15% (vrijedi do 30.04.) Javite nam se bez obaveze za besplatnu ponudu u roku od 24 sata. Please enable JavaScript in your browser to complete this form.Please enable JavaScript in your browser to complete this form.Ime i prezime *Email &hellip; <\/p>\n<p class=\"link-more\"><a href=\"https:\/\/interierisch.hr\/index.php\/besplatna-ponuda\/\" class=\"more-link\">Nastavi \u010ditati<span class=\"screen-reader-text\"> &#8220;Besplatna ponuda&#8221;<\/span><\/a><\/p>\n","protected":false},"author":1,"featured_media":0,"parent":0,"menu_order":0,"comment_status":"closed","ping_status":"closed","template":"","meta":{"_monsterinsights_skip_tracking":false,"_monsterinsights_sitenote_active":false,"_monsterinsights_sitenote_note":"","_monsterinsights_sitenote_category":0,"footnotes":""},"class_list":["post-1161","page","type-page","status-publish","hentry"],"yoast_head":"<!-- This site is optimized with the Yoast SEO plugin v27.2 - https:\/\/yoast.com\/product\/yoast-seo-wordpress\/ -->\n<title>Besplatna ponuda - interieri.SCH<\/title>\n<meta name=\"description\" content=\"Planirate projekt ure\u0111enja? Trebate dizajnera interijera? Javite nam se bez obaveze za besplatnu ponudu u roku od 24 sata.\" \/>\n<meta name=\"robots\" content=\"index, follow, max-snippet:-1, max-image-preview:large, max-video-preview:-1\" \/>\n<link rel=\"canonical\" href=\"https:\/\/interierisch.hr\/index.php\/besplatna-ponuda\/\" \/>\n<meta property=\"og:locale\" content=\"hr_HR\" \/>\n<meta property=\"og:type\" content=\"article\" \/>\n<meta property=\"og:title\" content=\"Besplatna ponuda - interieri.SCH\" \/>\n<meta property=\"og:description\" content=\"Planirate projekt ure\u0111enja? Trebate dizajnera interijera? Javite nam se bez obaveze za besplatnu ponudu u roku od 24 sata.\" \/>\n<meta property=\"og:url\" content=\"https:\/\/interierisch.hr\/index.php\/besplatna-ponuda\/\" \/>\n<meta property=\"og:site_name\" content=\"interieri.SCH\" \/>\n<meta property=\"article:modified_time\" content=\"2026-03-24T15:00:00+00:00\" \/>\n<meta property=\"og:image\" content=\"https:\/\/interierisch.hr\/wp-content\/plugins\/wpforms-lite\/assets\/images\/submit-spin.svg\" \/>\n<meta name=\"twitter:card\" content=\"summary_large_image\" \/>\n<meta name=\"twitter:label1\" content=\"Procijenjeno vrijeme \u010ditanja\" \/>\n\t<meta name=\"twitter:data1\" content=\"1 minuta\" \/>\n<script type=\"application\/ld+json\" class=\"yoast-schema-graph\">{\"@context\":\"https:\/\/schema.org\",\"@graph\":[{\"@type\":\"WebPage\",\"@id\":\"https:\/\/interierisch.hr\/index.php\/besplatna-ponuda\/\",\"url\":\"https:\/\/interierisch.hr\/index.php\/besplatna-ponuda\/\",\"name\":\"Besplatna ponuda - interieri.SCH\",\"isPartOf\":{\"@id\":\"https:\/\/interierisch.hr\/#website\"},\"primaryImageOfPage\":{\"@id\":\"https:\/\/interierisch.hr\/index.php\/besplatna-ponuda\/#primaryimage\"},\"image\":{\"@id\":\"https:\/\/interierisch.hr\/index.php\/besplatna-ponuda\/#primaryimage\"},\"thumbnailUrl\":\"https:\/\/interierisch.hr\/wp-content\/plugins\/wpforms-lite\/assets\/images\/submit-spin.svg\",\"datePublished\":\"2026-03-24T12:34:35+00:00\",\"dateModified\":\"2026-03-24T15:00:00+00:00\",\"description\":\"Planirate projekt ure\u0111enja? Trebate dizajnera interijera? Javite nam se bez obaveze za besplatnu ponudu u roku od 24 sata.\",\"breadcrumb\":{\"@id\":\"https:\/\/interierisch.hr\/index.php\/besplatna-ponuda\/#breadcrumb\"},\"inLanguage\":\"hr\",\"potentialAction\":[{\"@type\":\"ReadAction\",\"target\":[\"https:\/\/interierisch.hr\/index.php\/besplatna-ponuda\/\"]}]},{\"@type\":\"ImageObject\",\"inLanguage\":\"hr\",\"@id\":\"https:\/\/interierisch.hr\/index.php\/besplatna-ponuda\/#primaryimage\",\"url\":\"https:\/\/interierisch.hr\/wp-content\/plugins\/wpforms-lite\/assets\/images\/submit-spin.svg\",\"contentUrl\":\"https:\/\/interierisch.hr\/wp-content\/plugins\/wpforms-lite\/assets\/images\/submit-spin.svg\"},{\"@type\":\"BreadcrumbList\",\"@id\":\"https:\/\/interierisch.hr\/index.php\/besplatna-ponuda\/#breadcrumb\",\"itemListElement\":[{\"@type\":\"ListItem\",\"position\":1,\"name\":\"Po\u010detna stranica\",\"item\":\"https:\/\/interierisch.hr\/\"},{\"@type\":\"ListItem\",\"position\":2,\"name\":\"Besplatna ponuda\"}]},{\"@type\":\"WebSite\",\"@id\":\"https:\/\/interierisch.hr\/#website\",\"url\":\"https:\/\/interierisch.hr\/\",\"name\":\"interieri.SCH\",\"description\":\"Studio za dizajn interijera\",\"potentialAction\":[{\"@type\":\"SearchAction\",\"target\":{\"@type\":\"EntryPoint\",\"urlTemplate\":\"https:\/\/interierisch.hr\/?s={search_term_string}\"},\"query-input\":{\"@type\":\"PropertyValueSpecification\",\"valueRequired\":true,\"valueName\":\"search_term_string\"}}],\"inLanguage\":\"hr\"}]}<\/script>\n<!-- \/ Yoast SEO plugin. -->","yoast_head_json":{"title":"Besplatna ponuda - interieri.SCH","description":"Planirate projekt ure\u0111enja? Trebate dizajnera interijera? Javite nam se bez obaveze za besplatnu ponudu u roku od 24 sata.","robots":{"index":"index","follow":"follow","max-snippet":"max-snippet:-1","max-image-preview":"max-image-preview:large","max-video-preview":"max-video-preview:-1"},"canonical":"https:\/\/interierisch.hr\/index.php\/besplatna-ponuda\/","og_locale":"hr_HR","og_type":"article","og_title":"Besplatna ponuda - interieri.SCH","og_description":"Planirate projekt ure\u0111enja? Trebate dizajnera interijera? Javite nam se bez obaveze za besplatnu ponudu u roku od 24 sata.","og_url":"https:\/\/interierisch.hr\/index.php\/besplatna-ponuda\/","og_site_name":"interieri.SCH","article_modified_time":"2026-03-24T15:00:00+00:00","og_image":[{"url":"https:\/\/interierisch.hr\/wp-content\/plugins\/wpforms-lite\/assets\/images\/submit-spin.svg","type":"","width":"","height":""}],"twitter_card":"summary_large_image","twitter_misc":{"Procijenjeno vrijeme \u010ditanja":"1 minuta"},"schema":{"@context":"https:\/\/schema.org","@graph":[{"@type":"WebPage","@id":"https:\/\/interierisch.hr\/index.php\/besplatna-ponuda\/","url":"https:\/\/interierisch.hr\/index.php\/besplatna-ponuda\/","name":"Besplatna ponuda - interieri.SCH","isPartOf":{"@id":"https:\/\/interierisch.hr\/#website"},"primaryImageOfPage":{"@id":"https:\/\/interierisch.hr\/index.php\/besplatna-ponuda\/#primaryimage"},"image":{"@id":"https:\/\/interierisch.hr\/index.php\/besplatna-ponuda\/#primaryimage"},"thumbnailUrl":"https:\/\/interierisch.hr\/wp-content\/plugins\/wpforms-lite\/assets\/images\/submit-spin.svg","datePublished":"2026-03-24T12:34:35+00:00","dateModified":"2026-03-24T15:00:00+00:00","description":"Planirate projekt ure\u0111enja? Trebate dizajnera interijera? Javite nam se bez obaveze za besplatnu ponudu u roku od 24 sata.","breadcrumb":{"@id":"https:\/\/interierisch.hr\/index.php\/besplatna-ponuda\/#breadcrumb"},"inLanguage":"hr","potentialAction":[{"@type":"ReadAction","target":["https:\/\/interierisch.hr\/index.php\/besplatna-ponuda\/"]}]},{"@type":"ImageObject","inLanguage":"hr","@id":"https:\/\/interierisch.hr\/index.php\/besplatna-ponuda\/#primaryimage","url":"https:\/\/interierisch.hr\/wp-content\/plugins\/wpforms-lite\/assets\/images\/submit-spin.svg","contentUrl":"https:\/\/interierisch.hr\/wp-content\/plugins\/wpforms-lite\/assets\/images\/submit-spin.svg"},{"@type":"BreadcrumbList","@id":"https:\/\/interierisch.hr\/index.php\/besplatna-ponuda\/#breadcrumb","itemListElement":[{"@type":"ListItem","position":1,"name":"Po\u010detna stranica","item":"https:\/\/interierisch.hr\/"},{"@type":"ListItem","position":2,"name":"Besplatna ponuda"}]},{"@type":"WebSite","@id":"https:\/\/interierisch.hr\/#website","url":"https:\/\/interierisch.hr\/","name":"interieri.SCH","description":"Studio za dizajn interijera","potentialAction":[{"@type":"SearchAction","target":{"@type":"EntryPoint","urlTemplate":"https:\/\/interierisch.hr\/?s={search_term_string}"},"query-input":{"@type":"PropertyValueSpecification","valueRequired":true,"valueName":"search_term_string"}}],"inLanguage":"hr"}]}},"_links":{"self":[{"href":"https:\/\/interierisch.hr\/index.php\/wp-json\/wp\/v2\/pages\/1161","targetHints":{"allow":["GET"]}}],"collection":[{"href":"https:\/\/interierisch.hr\/index.php\/wp-json\/wp\/v2\/pages"}],"about":[{"href":"https:\/\/interierisch.hr\/index.php\/wp-json\/wp\/v2\/types\/page"}],"author":[{"embeddable":true,"href":"https:\/\/interierisch.hr\/index.php\/wp-json\/wp\/v2\/users\/1"}],"replies":[{"embeddable":true,"href":"https:\/\/interierisch.hr\/index.php\/wp-json\/wp\/v2\/comments?post=1161"}],"version-history":[{"count":11,"href":"https:\/\/interierisch.hr\/index.php\/wp-json\/wp\/v2\/pages\/1161\/revisions"}],"predecessor-version":[{"id":1227,"href":"https:\/\/interierisch.hr\/index.php\/wp-json\/wp\/v2\/pages\/1161\/revisions\/1227"}],"wp:attachment":[{"href":"https:\/\/interierisch.hr\/index.php\/wp-json\/wp\/v2\/media?parent=1161"}],"curies":[{"name":"wp","href":"https:\/\/api.w.org\/{rel}","templated":true}]}}